 of v?
7
Let p = -45 + 77. Suppose d + 0*d = -2*r + 11, -5*r + p = 3*d. What is the units digit of d?
9
Let j(x) = 5*x**3 - 2*x**2 + x. Let n be j(1). Suppose -92 + 16 = -n*l. Suppose -2*w = -2*r + 5 - l, -4*r = -20. What is the tens digit of w?
1
What is the tens digit of 409 - (3 - (-5 - -4) - 1)?
0
Let x(c) = -6*c**3 + 3*c**2 + c. Suppose -w - 4 = -1. What is the hundreds digit of x(w)?
1
Let t(w) = w**2 - 6*w + 192. What is the units digit of t(0)?
2
Let o(p) = -4 - 4 - 3*p + 2*p + 10*p**2 + 7*p**2. What is the hundreds digit of o(-3)?
1
Suppose -6967 - 9353 = -15*b. Suppose 3*g = -g + b. What is the hundreds digit of g?
2
Let b(x) be the second derivative of -13*x**3/6 - 6*x**2 + 6*x. Let k be b(-9). Suppose 0*g + 3*g - k = 0. What is the tens digit of g?
3
Let w = 55 + -52. Let i(j) = 18*j**2 + 2*j + 7. What is the hundreds digit of i(w)?
1
Let u(f) = 12*f - 15. Let l = -12 - -19. What is the tens digit of u(l)?
6
Let l = 19 + -15. Suppose 0 = 3*a - l*a + 74. Suppose 2*y - a = -h, -5*y + h + 91 = -101. What is the units digit of y?
8
Let h = -237 + 335. Suppose h = -3*m + 5*m. What is the units digit of m?
9
Let p(t) = -119*t + 1. Let a be p(-1). Let q(r) = r**2 - 7*r - 57. Let f be q(12). Suppose a = 2*b + f*b. What is the units digit of b?
4
Let z(h) = -11*h**3 - 2*h**2 + h + 1. What is the units digit of z(-3)?
7
Let f = -32 + 33. Let l(k) = 23*k**3 + k**2 + 2*k - 2. What is the tens digit of l(f)?
2
Let o(w) = 3*w - 2*w**2 - 5*w - 9*w - 4 + w**2. Let v(h) = h**2 + 6*h - 3. Let m be v(-5). What is the units digit of o(m)?
0
Suppose i - 23 = -3*r, 0 = -3*r + 9 - 0. What is the units digit of ((-58)/4)/(3 + i/(-4))?
9
Suppose 2*w = 9*w - 3437. Suppose -6*d = -d - 4*t - 606, -4*d + w = 3*t. What is the units digit of d?
2
Suppose 5*k = 2*v - 17 + 156, -4*k + v + 110 = 0. Let c(m) = m**2 - 16*m - 8. Let y be c(16). What is the units digit of k/5 - y/(-20)?
5
Suppose 0*o + 3*v - 150 = -3*o, 154 = 3*o + 5*v. Let p = 60 - o. What is the tens digit of p?
1
Let l = 73 + -81. Let c(a) = -2*a - 10. Let o(g) = -g - 9. Let m(q) = 3*c(q) - 4*o(q). What is the tens digit of m(l)?
2
Let a(n) = -n**2 - 3*n + 2. Let k be a(-8). Let t be k*(2/4 - -1). Let x = t + 100. What is the tens digit of x?
4
Let k = 5 - -3. Let r be -6*(-1 - 4/k). What is the units digit of r/27*(2 + 31)?
1
Let l(c) = 38*c**3. Let h be l(1). Suppose -3*q - 4*u - h = -4*q, -4*q = 5*u - 89. What is the tens digit of q?
2
Let y(w) = w. Suppose -4*v + 7 + 1 = 0. Let o be y(v). What is the units digit of (o + -3)/((-2)/16)?
8
Suppose -k = -4*k. Let d(a) = -27 + 6 - 2*a**2 + 9 + 13 + 2*a. What is the units digit of d(k)?
1
Suppose -5*x - 783 = -5228. What is the units digit of x?
9
What is the hundreds digit of 6/4 - (4 + 3450/(-4))?
8
Let h(n) = 7*n - 15. Suppose -30 = -w + 2*p - 7*p, -20 = -5*w + p. Let b be h(w). Suppose b = f + 3*f. What is the units digit of f?
5
Let m = 683 + -371. Let g = -183 + m. Suppose 0*j - 3*j + g = 0. What is the units digit of j?
3
Suppose 2*j + 17 = -5. Let o = j + 15. Suppose 5*c = 3*b + 23, -c - 4*b = o*c - 51. What is the units digit of c?
7
Suppose 33*a = 5*m + 34*a - 10071, -2*a = -5*m + 10083. What is the thousands digit of m?
2
Let y(x) = 3*x**2 + 7*x - 66. Suppose -2*r - 17 - 9 = 0. What is the tens digit of y(r)?
5
Let g = -946 + 2400. What is the tens digit of g?
5
Suppose 0 = -2*g - 0*g. Suppose -5*b + g*x + 2*x = -90, 3*b - 40 = 4*x. Suppose -4*f + b = -0*f. What is the units digit of f?
5
Let r = 21 + -11. Suppose 5*k = -d - 3*d + 13, 4*d - r = -2*k. Suppose 5*s - 6*s = -d. What is the units digit of s?
2
Let f(h) be the second derivative of 3*h**5/20 - 5*h**4/12 - 3*h**2/2 + 11*h + 2. What is the hundreds digit of f(5)?
2
Suppose 18 = 3*g - 6*g. What is the tens digit of ((-26)/g)/(2/30)?
6
What is the hundreds digit of 15/(6 - (-2457)/(-413))?
2
Let d = -35 + 29. What is the units digit of 3*((-112)/d - -2)?
2
Suppose 5*o - 6 = -2*w, 4*w - 14 + 2 = 5*o. Let n be 0 + -2 + w*21. Let m = 101 - n. What is the units digit of m?
0
Let k(a) = 17*a**3 - 2*a**2 + 3*a - 2. Let o be k(2). Suppose -2*b - y = b - 205, 2*b - 4*y - o = 0. What is the tens digit of (b/6)/((-2)/(-3))?
1
Suppose -4*x + 13 + 107 = 0. Suppose 0*r - x = -5*r. Suppose -o + 3 = -r. What is the units digit of o?
9
Suppose 3*q + s = 10, -5*q + 14 = 3*s - 2*s. Let d(a) = 4*a**2 - 1. Let x be d(2). Let v = x - q. What is the tens digit of v?
1
Let w(b) = 8*b**2 + 4*b - 6. Let t be w(7). Let l = t - 225. What is the tens digit of l?
8
Let b(r) = -41*r**2 - r + 8 + 72*r**2 - 3. What is the tens digit of b(2)?
2
Let s = -45 - -88. Let g = s + 60. What is the hundreds digit of g?
1
What is the hundreds digit of 1264/2844 + (37792/(-18))/(-1)?
1
Let y be -1 - 15/5 - -8. Suppose -o - 2 = 0, c + 3*o - 224 = -y*c. What is the tens digit of c?
4
Suppose -2*t = -0*g - g - 112, 5*t + g - 273 = 0. Suppose -3*k + 13 = t. Let s = 11 - k. What is the units digit of s?
5
Let w be (-3 + 2)/((-2)/58). What is the units digit of (-28)/(-6)*(1 + w/7)?
4
Let j(i) = 60*i**2 + 2*i + 1. What is the units digit of j(-2)?
7
What is the tens digit of -324*(4 + -6 + 0)?
4
Let h = -15 + 16. What is the units digit of (63/6 + h)*2?
3
Suppose 95 + 69 = -2*w. Let s = w + 49. Let d = 48 + s. What is the tens digit of d?
1
Let q = 373 + -40. What is the units digit of q?
3
Let z = -18 + 21. Suppose z*j = 7*j - 36. What is the units digit of j?
9
Let c be 0/(2 + -6 + 1) - -24. Let m(n) = 4*n - 72. What is the units digit of m(c)?
4
Suppose -3*i + 237 = -4*w, -48 = -i - 2*w + 21. Suppose 3*k - 173 = -0*k + 2*t, 5*k = -3*t + 320. Suppose 4*b - k = i. What is the tens digit of b?
3
Let p(z) be the second derivative of z**4/12 - z**3/6 - 3*z**2/2 + 5*z. Let q be p(3). Suppose -q*c - 6 = 0, -4*c = 2*n + c - 38. What is the tens digit of n?
2
Let d(y) = y**3 + 2*y**2 - 3*y - 4. Let f be d(-3). Let m be ((-340)/16 - 2)*f. Let q = m - 65. What is the tens digit of q?
2
Suppose 0*c = -3*c + a + 10, -4*c + 3*a = -15. What is the tens digit of -2 - (3/(-9) + (-416)/c)?
3
Let l be (14/35)/(2/(-10)). What is the units digit of l*(-1)/((-8)/(-764))?
1
Let b(o) = 171 + 2*o + o**2 + 174 - 356. What is the units digit of b(9)?
8
Let i be (-172)/14 + 4/14. Let k = i + 14. Suppose -k*a + 20 + 28 = 0. What is the units digit of a?
4
Suppose -12*v + 3*v = -459. What is the tens digit of v?
5
Suppose -j + 2*y = 4*y + 130, -y - 686 = 5*j. Let m be (-1)/2 - j/4. What is the units digit of m/5 + 4/20?
7
Suppose -2*f - 66 = 4*y - 12, 3*f = -4*y - 71. Suppose 5*b - 113 - 87 = 0. Let p = b + f. What is the units digit of p?
3
Let s be 1 - (-2 + 3/3). Suppose -4*j + 4*l - 2 = -3*j, -j = -s*l. Suppose 48 = 5*q - j*q. What is the units digit of q?
6
Suppose -m - 4 = -3*m. Suppose 3*w - m - 18 = -4*n, -2*n = -3*w - 10. Suppose n*y = 10, y + 31 = 2*h - 99. What is the units digit of h?
6
Suppose -4*k + j + 2288 = 0, -k + 1150 = k + j. What is the units digit of k?
3
Let q be (3 + 2)/(1/17). What is the units digit of q*(3 - 24/10)?
1
What is the units digit of -4 - 5*2874/(-60)*2?
5
Let d be (9/9)/((-2)/14). Let h(j) = -j**2 - 7*j + 5. Let b be h(d). Suppose 107 = 3*p - 4*o, -b*p + 56 = 3*o - 103. What is the tens digit of p?
3
Let w be (0 - (2 - 2))/(-2). Suppose w = -5*o + o + 20. What is the units digit of o?
5
Suppose -45*n + 10*n = -56035. What is the hundreds digit of n?
6
Let v = 17 + -6. Let q = v + -10. Suppose -q - 11 = -2*g. What is the units digit of g?
6
Suppose 0*l + 5*l = -10. Let v(t) = -t**2 - t + 1. Let r(j) = -3*j**2 - 7*j + 4. Let g(h) = l*v(h) + r(h). What is the units digit of g(-5)?
2
Let v(m) = m**3 - 12*m**2 + 25*m - 3. Suppose 3*x - 55 = -22. What is the units digit of v(x)?
1
Suppose 0 = -16*d + 18*d - 10. Suppose -4*k + 7 = 3, 23 = 2*h + d*k. What is the units digit of h?
9
Let h(a) = -2*a**3 + 25*a**2 - 2*a - 27. What is the hundreds digit of h(10)?
4
Suppose 0 = -42*q + 37*q - 2*s + 6804, -q = -s - 1358. What is the units digit of q?
0
Let t(n) = -n - 4. Let c be t(-6). Let o(x) = -3*x**c - 4*x + 3*x**2 + x**2 - 1 + 4*x**2. What is the units digit of o(3)?
2
Let w = -104 - -110. Suppose -2*u = w*u - 984. What is the hundreds digit of u?
1
Suppose -3*s = -z + 2132, 5*s = -21*z + 24*z - 6388. What is the thousands d